 - -23) + (-1 - 0).
3
-193 + 162 - (-7 - (2 + 3))
-19
What is the value of 2 + (0 - 8) + 28?
22
What is -15 + (-3 - ((23 - 13) + -28))?
0
Calculate (-20 + 12 - -12) + 6.
10
What is the value of (5 - (1 - -6) - -5 - -2) + 6?
11
What is the value of -54 + 34 + 21 + 2?
3
Evaluate -34 - -41 - (-12 - -16).
3
What is the value of 4 - (-17 - -25 - -19)?
-23
Evaluate -14 + (5 + 0 - (-24 - -15 - -7)).
-7
Calculate 21 - 10 - (-160 + 194).
-23
What is the value of 5 - -4 - (-6 + -1)?
16
Calculate (19 - 29) + 31 + -5 + -4 + 3.
15
Calculate (-8 - (5 - (-6 - -17))) + 3 + -12.
-11
What is the value of 12 + 0 + -10 - -7?
9
Evaluate 9 + -24 - (-5 + 7 + -7).
-10
Calculate -7 + (120 - 115 - (-1 + 12)).
-13
Calculate 4 - (-21 + 19 + -13).
19
-17 + (36 + 1 - (301 - 297))
16
7 - (-5 + (3 - -3) - -5)
1
Evaluate (39 - (88 - 42)) + (-1 - -31).
23
What is the value of -17 + -4 + 13 - (-6 + -1)?
-1
What is -14 - (5 + 4 + (-13 - -2 - -11))?
-23
Calculate 8 - (-3 - (-1 + -10)) - (6 - 11).
5
What is 8 + -4 + -18 - -18?
4
11 + 2 - 6 - (17 + (-16 - -17))
-11
What is 1 + (12 - (-6 - -17)) + 16?
18
What is (-18 - -1 - 16) + 38?
5
Calculate (-11 - (-47 - -30) - (4 + 0)) + 16.
18
What is 6 + 2 + -2 + -3 + (3 - -10)?
16
What is 15 - (24 - 17) - 25?
-17
(-2 - 4) + (-6 - -19) - (-3 + 0)
10
What is the value of -6 - (-19 - (12 - 2))?
23
Calculate 3 + 10 + (-59 - -13).
-33
What is -23 + 14 + -6 + 4 + 10?
-1
(10 + 2 - (7 - -1)) + -6
-2
What is -16 + (-1 + 7 - 5) + 2?
-13
Evaluate 5 + 0 + (8 - 12) + 1 + 0.
2
Evaluate (-1 - 10) + (69 - 60).
-2
What is 60 + -49 - (2 + -7 + 18)?
-2
Evaluate 18 + (-15 - -2) - (0 + 9).
-4
Evaluate 1 + 18 - (-69 + 74).
14
What is -1 + 2 - (20 + -4 + -26)?
11
What is 5 - (-6 - (12 - 7)) - -9?
25
Evaluate -7 + 14 - (-24 + 24) - -13.
20
Calculate -118 - -118 - (-7 - -2) - (0 - -6).
-1
Calculate -17 - -10 - -14 - (-1 - 2).
10
Evaluate 6 + (22 - 12) - 28.
-12
Calculate -19 - (-23 + 10) - 9.
-15
What is the value of -10 + 8 + 17 + -9 + -2 + -5?
-1
What is the value of -5 + (-1 - ((4 - 4) + -2))?
-4
7 + -3 - (1 + 15)
-12
What is the value of 1 + 3 - (12 + 0) - (5 + 0)?
-13
What is the value of 1 + (12 - 26) + 5 + -1?
-9
What is the value of 1 + -18 + -1 - (-50 + 32 - -14)?
-14
Calculate -1 + 32 + (14 - (-7 + (29 - 0))).
23
Evaluate 4 - (-16 + 3 + 4).
13
Calculate 5 + -9 + (-3 - 8).
-15
What is 13 + (8 - (18 + -21 - (-2 + -10)))?
12
Calculate 8 + -14 + (3 + 2 - -1).
0
Evaluate (1 - -3 - (10 - 10)) + (3 - 0).
7
What is (-6 - 3) + (-7 - 7 - -11 - -12)?
0
Evaluate 39 + (-8 - -3) - (-135 + 130).
39
Calculate -5 - (0 - 8) - (-1 - -4 - 10).
10
Calculate 2 + 9 + -1 + -2.
8
Calculate 57 - 23 - 9 - 42.
-17
-64 + 55 + (0 - -9)
0
What is the value of 1 + 0 - (-6 + 7 + -3) - -20?
23
9 + 1 + (1 - 6 - -9)
14
What is -7 + (1 - 2) + (35 - 47) + 7?
-13
Evaluate (-116 - -119 - ((2 - 1) + 2)) + 5.
5
What is the value of -2 + 1 + 2 + -8 - (2 - 24)?
15
Calculate (-5 - -27) + -21 - -24.
25
(2 - -2) + (-132 - -123)
-5
Evaluate 32 + -1 + (-28 - (-50 + 34)).
19
-7 - ((0 - -6) + 32 + -38)
-7
Evaluate -7 + (26 - 12) - (17 + 0).
-10
What is -1 - (2 - -26) - (-61 + 24 - -28)?
-20
What is the value of (1 - -23) + 63 + -115?
-28
12 - 19 - (-3 - -5)
-9
What is the value of -12 + 0 + (48 - 49 - (1 - 0))?
-14
What is the value of -21 + -6 + 22 - (0 + -10)?
5
14 + 12 + (-14 - 9)
3
What is the value of 17 + (-6 - (-6 + 13))?
4
What is the value of (194 - 201) + (3 - 0)?
-4
Evaluate (10 - 6 - -3) + (0 - 8) - -17.
16
-34 - (-8 - (-8 - 17)) - -10
-41
Calculate 20 + -7 - 12 - -4 - (0 + -15).
20
What is the value of 10 + -10 - (1 - 5 - (1 - 15))?
-10
Evaluate -9 - (2 - -1 - -10 - (14 + -3)).
-11
What is the value of 6 + 1 + 3 + (-45 - -50)?
15
Evaluate -4 + (6 - (10 - (-2 + 5))).
-5
Calculate (27 - 14) + -22 - -12 - (4 + 1).
-2
What is the value of -17 + (-14 - -19) + (0 - 0) + -3?
-15
What is 6 + -22 - -18 - 18?
-16
Evaluate (-14 - 2) + -11 + (24 - 1).
-4
Calculate -14 + (15 - -15) - 2.
14
What is the value of 150 - 126 - (-3 + 9)?
18
What is 53 + -3 + -44 + -10 + 1?
-3
Evaluate -9 + -1 + (5 - -20) + -10 - 30.
-25
Evaluate -27 - (-16 + 9 - 12).
-8
Evaluate (-29 - -23) + (5 - 2) + 5 + 18.
20
Evaluate (-135 - -123) + 14 + 1.
3
Evaluate -9 + (4 + -6 + 7 - 20).
-24
What is the value of (7 - 20) + (-5 - (7 - 4)) + 7?
-14
12 + (-13 - 7) + 13
5
What is 229 + -222 - ((1 - 0) + -12 + 2)?
16
What is the value of -2 + (-1 - 1) - ((-8 - -58) + -40)?
-14
Evaluate 59 + -22 + -2 + -3.
32
1 + (5 - (-2 + 8) - (-16 + 3))
13
Evaluate 58 + -26 - 35 - (-2 - -1).
-2
Evaluate -7 + 15 + 0 - (-2 - -10).
0
What is the value of -1 + (25 - (5 + 4))?
15
Evaluate -13 - ((-8 + -3 + 9 - 7) + 3).
-7
7 + ((0 + -5 - 8) + 0 - -4)
-2
What is the value of 0 - (6 + 15) - (-6 + 1)?
-16
What is 5 + -3 - 1 - (1 - -5 - -1)?
-6
-7 + (18 - 47) + 20
-16
What is the value of 12 + -9 + -12 - -13?
4
Calculate 1 + 5 - (8 - (1 - -3)).
2
Evaluate -7 + (14 - (0 + 10)).
-3
What is the value of -3 - (-1 + -3) - (-9 + 6) - -5?
9
What is -3 - ((4 - (7 + -9 + 2)) + -13)?
6
What is the value of (-7 - -14) + (-12 - -2) + 10 + -2?
5
-6 - ((-21 - -6) + 0)
9
What is the value of (-1 - -6) + -22 - -21?
4
Calculate 12 + -3 - ((20 - 13) + -15 - -4).
13
Evaluate 22 + (-15 - 13 - -5).
-1
Calculate -51 + (11 - -24) + 12.
-4
What is the value of -20 + (0 - -18 - (-14 + 29))?
-17
-9 - (-13 + -6) - 4
6
What is the value of 21 + -12 + 0 + -5?
4
Calculate 66 + -63 - (1 - 2).
4
(-52 - -24) + 17 + (-1 - 0) - 6
-18
What is (-4 - (-14 - -7) - 0) + 2 + -11?
-6
What is the value of (9 - (-48 - -20)) + -9?
28
Evaluate (-11 - -13) + 3 + -14.
-9
What is 8 + -6 + -3 + -2 + 3 + 11?
11
2 + -8 + -114 + 117
-3
Calculate (-2 - 22) + (-1 + -11 - (4 + -21)).
-19
What is (-9 - -21) + -16 + -8?
-12
Evaluate (-1 - 9) + 14 + 10.
14
(-25 - 1 - (-21 - (15 - 24))) + -10
-24
Calculate (5 - 10) + 6 + -7 + 0 + -4.
-10
Evaluate -1757 + 1788 - (1 - (2 + -5)).
27
What is 17 + -3 + -21 + 10?
3
What is the value of -20 - (8 + -13 + -27)?
12
-9 - 1 - (-1616 + 1591)
15
Calculate (-10 - (-2 - (-6 - -13))) + 0.
-1
Evaluate 11 - (27 + -36 - -37).
-17
What is the value of -17 + (5 - (-16 - 1)) + (1 - 7)?
-1
Evaluate 19 + (3 - 17) + -1.
4
What is 3 + -42 + 24 - (2 - -2 - 0)?
-19
Evaluate 134 - 160 - (-31 + -8).
13
Calculate (-936 - -931) + (8 - (2 + 0)).
1
Calculate 32 + 3 + -33 - (0 - (1 - -11)).
14
What is the value of -37 + 43 + -31 + -8?
-33
Calculate -45 - (-23 - (42 + -32)).
-12
Evaluate (14 - 20) + -25 - -25.
-6
What is -4 + -31 + (38 - 49) - -19?
-27
4 - (5 + -4 + 2)
1
12 - (-12 + 11) - (-3 - -8 - 3)
11
What is (1 - (7 + (7 - (12 - -9)))) + 5?
13
Calculate (-11 - (3 + -4)) + -18 + 20 + -9.
-17
Calculate -21 + (-7 - ((-2 - -1) + (-8 - 0))).
-19
-2 + 14 - (59 + -49)
2
Calculate 9 - -2 - (98 - 74).
-13
1 + -11 - (19 - 9 - -23 - 6)
-37
What is 24 + 3 + -15 + 1 + 3?
16
What is -20 + (4 - 3 - (11 + (-21 - -10)))?
-19
What is (-1 - -2 - (-3 + -5)) + (8 - 5)?
12
Evaluate (0 - (-20 + -2)) + (-32 - (-20 + -12)).
22
Evaluate -19 + (-1 - -17 - (329 - 346)).
14
What is -3 - (7 + (0 - (15 - -2 - -3)))?
10
What is 2 + (-7 - -4) + -5?
-6
-13 + -3 + -4 + 10
-10
Evaluate 11 + 0 - (-34 + 48).
-3
Evaluate -41 - (-32 - -17 - 3).
-23
-10 + (30 - (-9 + 20) - -2)
11
What is the value of (348 - 330) + -1 + -41 - (-2 - -9)?
-31
36 + -16 - 39 - -51
32
Evaluate 17 + -22 + -3 + -4 + 27.
15
37 - (40 + -59 - -49)
7
Calculate (-1 - 0 - (14 + (-9 - 11))) + -11.
-6
Calculate (9 - (-30 - -21)) + -16.
2
Calculate -27 - -37 - (0 + 28) - (-1 - 2).
-15
Calculate -81 - -46 - -46 - (-1 - -14).
-2
Evaluate -2 + -11 + 8 + 5 - -11.
11
Calculate -1300 + 1287 + 30 + -1.
16
Evaluate -6 - -1 - (-7 - (4 + -7)) - -18.
17
What is the value of 72 + -111 - (-2 - 26)?
-11
What is -20 + (18 + 9 - -12)?
19
Evaluate -12 + 6 + (6 - 1) + 5.
4
What is the value of 18 - (-14 - -12 - -11)?
9
What is the value of -10 - (-14 + 13) - -2?
-7
What is the value of 2 + (12 + 12 + -23 - -3)?
6
What is the value of 12 - (6 + (-1 - -4) + -6)?
9
29 + -17 + -22 + -3
-13
Evaluate -17 - -31 - -17 - 13.
18
Calculate 6 + -9 + (0 - 0 - (13 - 6)).
-10
What is 1 + 14 + -5 - 15?
-5
Calculate -32 - -26 - (3 - (2 - -6)).
-1
(11 - (1 + 23)) + 9
-4
What is the value of -21 + 1 + (71 - 42)?
9
Calculate -7 + (-6 - (7 + (-7 - -1))).
-14
What is the value of (-50 - -12) + 18 - 1?
-21
What is